f 376004 and 2971048.
6164
What is the highest common divisor of 2 and 17343?
1
Calculate the greatest common factor of 804410 and 465170.
2570
What is the highest common factor of 6265 and 63162835?
895
Calculate the highest common factor of 18601 and 33099634.
1691
Calculate the greatest common factor of 338502 and 10.
2
Calculate the highest common factor of 1640 and 778515.
5
What is the highest common divisor of 12079 and 3523?
1
What is the greatest common factor of 4359497 and 68?
17
What is the greatest common divisor of 179746 and 221704?
518
Calculate the highest common factor of 22837152 and 631.
631
Calculate the greatest common divisor of 856 and 104762202.
214
What is the highest common divisor of 126461698 and 242?
242
Calculate the greatest common factor of 50449504 and 224.
224
Calculate the greatest common divisor of 655 and 1832035.
655
What is the greatest common factor of 1422 and 1592838?
18
Calculate the highest common factor of 3816 and 170450544.
1272
What is the highest common divisor of 21394 and 713222?
38
Calculate the greatest common factor of 6 and 20407098.
6
What is the highest common divisor of 1633335 and 8327?
11
What is the highest common divisor of 51656 and 79407012?
2348
What is the highest common divisor of 21137 and 114632?
23
Calculate the greatest common divisor of 498 and 372686102.
166
What is the greatest common factor of 7800 and 60849100?
1300
What is the greatest common divisor of 7764 and 87704732?
2588
Calculate the greatest common factor of 751080 and 2112.
264
Calculate the greatest common factor of 1086 and 241995914.
362
Calculate the greatest common divisor of 748 and 3059507.
187
What is the greatest common factor of 6165963 and 243?
81
What is the greatest common factor of 84 and 56229?
3
Calculate the highest common divisor of 281336094 and 153.
153
What is the greatest common divisor of 3328612 and 112?
28
What is the greatest common divisor of 3533648 and 4144?
592
Calculate the greatest common divisor of 1928554 and 6790.
194
What is the highest common divisor of 630 and 19099290?
210
Calculate the greatest common factor of 588769 and 3995.
47
What is the highest common divisor of 3075982 and 27846?
182
What is the highest common factor of 18 and 636780?
6
Calculate the greatest common divisor of 92530 and 112822.
38
What is the greatest common factor of 13325 and 91975?
325
Calculate the highest common factor of 3824301 and 988.
247
Calculate the greatest common divisor of 2000 and 3568000.
2000
Calculate the greatest common divisor of 8 and 484320.
8
Calculate the highest common factor of 1296 and 1110.
6
What is the highest common factor of 3745700 and 4700?
100
Calculate the highest common divisor of 66980 and 3176280.
340
Calculate the greatest common factor of 247738664 and 2144.
536
What is the greatest common divisor of 105786 and 3876?
6
Calculate the highest common divisor of 10538 and 76274.
22
What is the greatest common divisor of 29372640 and 1056?
1056
Calculate the highest common divisor of 31225 and 39300.
25
What is the greatest common factor of 162150 and 984150?
150
Calculate the highest common divisor of 72677509 and 1073.
1073
What is the highest common divisor of 9120 and 27277312?
608
Calculate the highest common divisor of 89817 and 35166105.
1833
Calculate the greatest common factor of 3278 and 53702.
22
Calculate the greatest common divisor of 16163250 and 5290.
230
Calculate the highest common factor of 35264521 and 764.
191
Calculate the highest common divisor of 60 and 195782010.
30
What is the highest common factor of 3272057 and 1205?
241
What is the greatest common divisor of 292758286 and 328?
82
What is the highest common factor of 31 and 2472754959?
31
What is the highest common divisor of 31192262 and 1178?
1178
What is the highest common divisor of 148932 and 1876?
28
Calculate the highest common factor of 36575676 and 8.
4
Calculate the highest common factor of 154722325 and 100.
25
Calculate the greatest common factor of 263651743 and 5884.
1471
Calculate the greatest common divisor of 6 and 1051922634.
6
Calculate the greatest common factor of 6534 and 165618.
54
Calculate the greatest common divisor of 74151085 and 699.
233
What is the greatest common factor of 25111863 and 148?
37
Calculate the highest common factor of 7362134 and 234.
26
What is the greatest common divisor of 105 and 258687065?
35
What is the greatest common factor of 9984 and 80832?
192
Calculate the greatest common factor of 51295445 and 3517.
3517
Calculate the greatest common factor of 426452 and 3250.
26
Calculate the greatest common factor of 4 and 50187376.
4
What is the greatest common divisor of 15285 and 114000625?
5095
What is the highest common factor of 2850 and 309472950?
2850
What is the highest common divisor of 4690 and 21904750?
70
What is the greatest common factor of 224 and 8068872?
56
Calculate the highest common divisor of 1374320 and 3936.
656
Calculate the greatest common factor of 21641 and 561697.
323
What is the greatest common divisor of 53363 and 8688241?
1241
Calculate the highest common divisor of 8 and 30631098.
2
What is the greatest common divisor of 2327 and 160927?
13
What is the highest common factor of 85 and 8103520?
5
What is the highest common divisor of 1077649108 and 5389?
5389
What is the greatest common divisor of 6 and 29158764?
6
Calculate the greatest common divisor of 42635316 and 354.
6
What is the greatest common divisor of 111 and 87591099?
111
Calculate the greatest common factor of 79536 and 2766.
6
Calculate the highest common divisor of 360553 and 9525.
127
Calculate the highest common factor of 2908007 and 943.
41
Calculate the highest common factor of 430 and 41166480.
430
What is the greatest common factor of 1508 and 11892204?
116
Calculate the greatest common factor of 426727 and 1911.
7
What is the greatest common divisor of 16036956 and 6786?
234
Calculate the highest common factor of 549 and 21435522.
183
Calculate the highest common factor of 72 and 264488.
8
Calculate the greatest common factor of 215 and 12889508.
43
Calculate the highest common factor of 12535251 and 24.
3
What is the greatest common divisor of 14978621 and 10549?
959
What is the highest common divisor of 3328 and 179400?
104
What is the greatest common factor of 67725 and 17835?
15
Calculate the highest common factor of 7443548 and 196.
28
Calculate the highest common factor of 280644766 and 2034.
226
What is the greatest common divisor of 12695 and 16914818?
2539
What is the greatest common divisor of 278 and 21067257?
139
What is the highest common factor of 63 and 1953525?
21
What is the highest common divisor of 6565 and 551886725?
6565
Calculate the greatest common factor of 1685845 and 3038.
49
What is the greatest common divisor of 26219510 and 20?
10
Calculate the greatest common divisor of 24431560 and 40.
40
Calculate the highest common divisor of 287577066 and 21.
21
Calculate the highest common divisor of 1473463 and 10721.
71
Calculate the greatest common divisor of 1898 and 3379441.
13
What is the highest common factor of 161766 and 26958492?
3762
Calculate the greatest common divisor of 27420864 and 187.
17
Calculate the greatest common divisor of 2923416 and 16488.
72
What is the greatest common divisor of 1288488 and 175571?
1451
Calculate the greatest common divisor of 393 and 8918218.
131
Calculate the highest common divisor of 234 and 93507.
3
Calculate the greatest common factor of 284149604 and 10604.
964
What is the greatest common factor of 5544 and 22188936?
1848
Calculate the greatest common factor of 459519518 and 7244.
3622
What is the greatest common factor of 13390972 and 57?
19
Calculate the greatest common divisor of 78 and 50700351.
39
Calculate the highest common divisor of 44880226 and 317.
317
What is the highest common divisor of 1089 and 708796341?
1089
Calculate the highest common divisor of 2623212 and 856.
428
Calculate the greatest common divisor of 95 and 18240437.
19
Calculate the greatest common divisor of 591322 and 326826.
542
What is the greatest common divisor of 43888 and 4797929?
211
What is the highest common divisor of 3799 and 1570297?
131
What is the greatest common divisor of 